8).
42
Let z(r) = -r**3 + 24*r**2 + 267*r - 67. Determine z(32).
285
Let g(s) = -306*s + 1153. What is g(4)?
-71
Let x(i) = 13*i**3 + 66*i - 66. Calculate x(1).
13
Let s(i) = -i**2 - 83*i + 2187. Give s(-104).
3
Let j(r) = r**3 - 15*r**2 + 70*r - 572. What is j(13)?
0
Let x(i) = -438*i + 40737. Calculate x(93).
3
Let u(t) = t**2 + 209*t - 5587. Determine u(24).
5
Let b(g) = 19*g**2 + 61*g - 49. Give b(-7).
455
Let y(h) = -340*h - 1750. Calculate y(-5).
-50
Let c(x) = -x**2 + 33*x - 36. What is c(28)?
104
Let p(g) = -2*g**3 + 4*g**2 - 4*g + 24. Calculate p(3).
-6
Let q(d) = d**3 - 49*d**2 + 471*d - 46. Give q(36).
62
Let c(s) = 2267*s + 4535. Calculate c(-2).
1
Let q(n) = n**3 + 7*n**2 - 35*n - 156. Give q(-10).
-106
Let z(a) = 10*a**2 + 130*a - 896. Determine z(5).
4
Let m(q) = q**3 + 35*q**2 + 251*q + 16. What is m(-10)?
6
Let m(l) = -41*l**2 - 396*l - 13. Give m(-8).
531
Let m(y) = -72*y + 68. Give m(1).
-4
Let j(f) = f**2 - 25. Calculate j(-3).
-16
Let x(c) = -c**2 - 187*c - 1615. What is x(-9)?
-13
Let f(o) = -11*o + 10. Give f(7).
-67
Let j(i) = 4*i**2 + 105*i + 119. Calculate j(-25).
-6
Let y(i) = i**3 + 65*i**2 + 502*i + 73. Calculate y(-56).
185
Let y(i) = 118*i**2 + 111*i + 231. What is y(-2)?
481
Let l(n) = 109*n - 1071. Give l(10).
19
Let o(a) = -a**3 - 8*a**2 - 19*a - 204. Calculate o(-9).
48
Let x(a) = -2*a**3 + 9*a**2 + 91*a - 25. What is x(-5)?
-5
Let r(o) = -o**3 - 17*o**2 - 16*o + 17. Calculate r(-16).
17
Let r(p) = -66*p + 913. What is r(14)?
-11
Let y(j) = -10*j**2 - 18*j - 7. What is y(-2)?
-11
Let w(l) = l**3 + 8*l**2 - 34*l - 247. What is w(-5)?
-2
Let r(k) = 2*k**2 + 38*k - 464. What is r(-28)?
40
Let w(o) = -426*o - 1273. What is w(-3)?
5
Let h(g) = g**3 + 28*g**2 + 45*g - 174. Calculate h(-26).
8
Let z(b) = 18*b**2 - 26*b - 68. Give z(-4).
324
Let h(j) = -j**3 - 8*j**2 - 27*j - 193. Calculate h(-6).
-103
Let k(d) = -7*d + 96. Give k(33).
-135
Let i(v) = -4*v - 115. Give i(17).
-183
Let w(d) = -39*d + 2277. Calculate w(59).
-24
Let l(r) = -2349*r - 35234. Calculate l(-15).
1
Let q(a) = a**3 + 78*a**2 - a - 44. What is q(-78)?
34
Let u(r) = -4*r**2 - 1728*r + 5167. What is u(3)?
-53
Let h(w) = -2*w**2 + 16*w + 14. Give h(12).
-82
Let m(b) = -5*b**2 - 3*b + 20. Calculate m(3).
-34
Let y(u) = -230*u - 445. Give y(-2).
15
Let g(i) = 2585*i**2 - 7753*i - 11. What is g(3)?
-5
Let w(f) = 3*f**2 + 9*f + 40. Give w(-3).
40
Let x(z) = -172*z + 5859. What is x(34)?
11
Let m(r) = -70*r + 508. What is m(7)?
18
Let t(z) = -z**2 - 242*z + 3050. What is t(12)?
2
Let a(u) = -u**3 + 37*u**2 - 185*u - 45. What is a(31)?
-14
Let s(i) = 2*i**2 + 23*i + 138. Give s(-6).
72
Let i(l) = l**3 - 30*l**2 - 600*l + 224. Calculate i(-14).
0
Let n(d) = 51*d + 648. What is n(-13)?
-15
Let s(a) = -46*a + 3649. Determine s(83).
-169
Let m(d) = 2*d**2 + 9*d - 9. Give m(-7).
26
Let y(c) = c**3 + 6*c**2 - 5*c + 2. Determine y(5).
252
Let n(o) = 8906*o + 97974. Give n(-11).
8
Let j(t) = -14*t - 139. Give j(-11).
15
Let j(g) = 32*g - 28. Calculate j(-5).
-188
Let o(r) = 4*r**3 - 11*r**2 + 7*r + 144. Calculate o(4).
252
Let o(q) = 131*q + 924. Determine o(-8).
-124
Let t(i) = -547*i - 529. What is t(-1)?
18
Let x(u) = u**2 - 4*u + 26. What is x(-17)?
383
Let l(t) = -3*t**3 - 41*t**2 - 130*t + 39. Give l(-6).
-9
Let k(i) = 2*i**2 + 119*i + 172. Give k(-58).
-2
Let k(x) = x**3 - 20*x**2 - 2825*x + 56503. Determine k(20).
3
Let r(j) = j**2 - 40*j + 211. What is r(6)?
7
Let c(i) = 51*i - 424. Calculate c(3).
-271
Let s(p) = 20*p**2 + 286*p - 19. What is s(-15)?
191
Let u(g) = 3939*g + 16. Give u(0).
16
Let c(z) = 4*z**2 - 396*z + 2583. Determine c(92).
7
Let d(f) = -2*f**2 + 72*f + 30. What is d(45)?
-780
Let c(q) = -q**3 + 26*q**2 + 54*q - 125. What is c(28)?
-181
Let y(r) = 91*r + 80. What is y(0)?
80
Let l(t) = 3*t**3 - 6*t**2 + 33*t - 49. What is l(2)?
17
Let b(r) = 2*r**3 - 5*r**2 + 9*r + 4. Calculate b(4).
88
Let k(c) = -c**2 + 120*c + 1304. Determine k(-10).
4
Let x(b) = 172*b + 186. Calculate x(-2).
-158
Let j(h) = -24*h + 577. What is j(25)?
-23
Let a(u) = -20*u**2 + 654*u - 460. Give a(32).
-12
Let a(s) = s**3 + 12*s**2 - s + 41. Give a(-13).
-115
Let l(a) = -3855*a - 38545. Calculate l(-10).
5
Let b(x) = -3*x**2 + 79*x - 403. Give b(7).
3
Let h(s) = -2*s**3 + 67*s**2 + 32*s + 83. Give h(34).
15
Let s(c) = c + 22. Calculate s(-27).
-5
Let c(s) = -3*s**2 - 185*s - 120. Calculate c(-61).
2
Let i(k) = 90*k - 3095. Determine i(33).
-125
Let j(r) = -2*r**2 + 99*r + 2677. Give j(69).
-14
Let o(t) = 438*t + 2185. What is o(-5)?
-5
Let c(q) = -1670*q - 16730. Determine c(-10).
-30
Let o(b) = 110*b - 512. Determine o(5).
38
Let i(s) = 28*s - 214. What is i(-13)?
-578
Let y(n) = -n**3 + 7*n**2 - n + 3. Give y(5).
48
Let x(f) = -2*f**2 - 118*f - 544. Give x(-54).
-4
Let y(l) = 927*l + 23169. Calculate y(-25).
-6
Let y(i) = 20*i**2 - i - 7. Calculate y(-4).
317
Let j(h) = -h**3 + 34*h**2 - 59*h + 92. What is j(32)?
252
Let h(n) = -71*n**2 - 127*n + 132. Determine h(1).
-66
Let k(l) = 61*l + 311. Calculate k(-11).
-360
Let l(x) = x**3 - 56*x**2 + 5*x - 164. Calculate l(56).
116
Let l(d) = 211*d - 1055. Calculate l(5).
0
Let z(g) = g**3 + 111*g**2 - 480*g - 2296. Calculate z(-115).
4
Let q(o) = 3*o**2 + 99*o + 63. Determine q(-24).
-585
Let t(s) = -2*s + 35. Give t(-6).
47
Let a(w) = -w**2 + 73*w + 315. What is a(-4)?
7
Let z(y) = 3*y**3 + 2*y**2 - 3*y - 19. Determine z(-3).
-73
Let u(h) = 13*h**2 + 275*h + 930. Determine u(-17).
12
Let t(j) = j**3 + 48*j**2 + 69*j - 1178. Determine t(-46).
-120
Let x(n) = 230*n**2 + 216*n - 8. Give x(-1).
6
Let x(q) = 363*q - 720. Determine x(2).
6
Let k(j) = -6*j**2 - 142*j + 63. Determine k(-24).
15
Let h(o) = o**3 + 6*o**2 - 38*o - 315. Determine h(-7).
-98
Let a(x) = 25*x + 1113. Determine a(-44).
13
Let b(y) = -37*y + 545. Give b(15).
-10
Let m(f) = -5*f**2 + 21*f - 20. Determine m(6).
-74
Let w(s) = 13*s + 310. Determine w(1).
323
Let d(v) = -37*v - 529. What is d(-14)?
-11
Let h(z) = 12*z**2 + 6*z + 1. Calculate h(-1).
7
Let o(b) = -b**3 + 25*b**2 - 146*b - 33. What is o(10)?
7
Let s(q) = -q**2 - 32*q - 47. Determine s(-23).
160
Let s(r) = -6*r**3 + 84*r**2 - 3*r + 7. Calculate s(14).
-35
Let v(n) = -13*n**3 - n**2 - 10*n + 8. Calculate v(2).
-120
Let x(k) = -5*k + 26. Give x(-3).
41
Let v(u) = -19*u + 622. Give v(37).
-81
Let p(a) = -404*a + 3277. Determine p(8).
45
Let r(i) = -91*i + 3275. What is r(36)?
-1
Let n(c) = -c**2 - 25*c - 64. Determine n(-3).
2
Let o(n) = -91*n + 685. Calculate o(7).
48
Let p(h) = -17*h**3 - h**2 - 247*h - 248. Determine p(-1).
15
Let z(t) = -t**2 - 109*t - 2289. Calculate z(-81).
-21
Let c(d) = -d**3 + 12*d**2 - 5*d - 86. Give c(11).
-20
Let y(w) = -18*w + 72. Give y(5).
-18
Let m(c) = c**3 + 54*c**2 + 88*c - 843. What is m(-52)?
-11
Let c(g) = -271*g + 994. What is c(3)?
181
Let u(n) = 6*n + 228. Determine u(33).
426
Let r(l) = 3*l**3 - 29*l**2 + 71*l - 573. Give r(9).
-96
Let o(y) = 2*y**2 - 136*y - 1430. Determine o(-9).
-44
Let o(a) = -4*a**3 - 3*a**2 - 7*a - 8. Calculate o(0).
-8
Let p(n) = -2*n - 482. What is p(-37)?
-408
Let s(j) = -118*j + 459. Calculate s(4).
-13
Let v(o) = -31*o**3 + o**2 - 6*o. What is v(2)?
-256
Let s(q) = 373*q**3 - 2*q**2 - q. What is s(-1)?
-374
Let t(c) = -c**2 + 36*c - 143. Determine t(39).
-260
Let r(j) = 726*j + 11578. What is r(-16)?
-38
Let w(g) = 10*g**2 + 17*g - 33. Give w(3).
108
Let n(u) = -u**2 - 3552*u - 46001. Give n(-13).
6
Let f(m) = m**3 - 12*m + 17. Determine f(-5).
-48
Let j(f) = -f**3 + 14*f**2 + 25*f - 121. Give j(15).
29
Let z(g) = 2*g**3 + 4*g**2 + 25*g + 53. Give z(-3).
-40
Let x(g) = g**3 + 15*g**2 + 12*g + 40. Calculate x(-13).
222
Let n(o) = -6*o - 336. What is n(-26)?
-180
Let x(i) = -i**3 - 8*i**2 + 47*i + 36. Give x(-12).
48
Let w(r) = -5*r**3 - 18*r**2 + 63*r - 29. Give w(-6).
25
Let u(r) = -769*r - 32232. Calculate u(-42).
66
Let b(q) = 2*q**3 + 7*q**2 + 14*q + 8. Give b(-2).
-8
Let h(z) = 38*z - 522. Calculate h(2).
-446
Let p(q) = -q**3 - 10*q**2 - 13*q - 130. Determine p(-10).
0
Let q(v) = -v**3 + 12*v**2 - 49*v + 208. Calculate q(9).
10
Let h(x) = -x**2 - 60*x + 468. Determine h(7).
-1
Let v(u) = u**3 + 17*u**2 - u - 541. Determine v(-14).
61
Let f(i) = 2*i**3 - 148*i**2 - 298*i - 453. Calculate f(76).
3
Let x(c) = c**3 - 20